*z**2 - 40*z - 38. Calculate s(-39).
1
Let a(u) = -5*u + 3. Calculate a(-3).
18
Let f(x) = x**2 + 7*x - 38. Give f(6).
40
Let y(v) = v**3 - 4*v - 2. What is y(-2)?
-2
Let a(x) = 2*x**3 + 91*x**2 + 45*x + 1. Give a(-45).
1
Let o(n) = -4*n + 13. Determine o(6).
-11
Let k(j) = -2*j**3 - 4*j**2 - j + 1. What is k(-3)?
22
Let m(p) = -5*p - 18. Give m(-5).
7
Let y(j) = 50*j - 643. Calculate y(13).
7
Let r(z) = 2*z - 19. Determine r(12).
5
Let x(j) = -j - 18. Give x(-6).
-12
Let h(i) = -5*i + 17. Determine h(12).
-43
Let l(q) = -q**3 + 10*q**2 - 37*q + 63. Give l(5).
3
Let l(c) = c - 8. What is l(9)?
1
Let y(h) = -h**2 - 5*h + 34. Calculate y(4).
-2
Let y(i) = -i**3 - 5*i**2 - 13*i - 5. What is y(-3)?
16
Let x(f) = f**2 - 13*f + 20. What is x(11)?
-2
Let k(i) = i**3 + 2*i**2 - 7*i - 13. Determine k(-2).
1
Let p(i) = i**3 - 4*i**2 - 6*i + 3. Determine p(4).
-21
Let a(o) = o**2 - 5*o + 7. What is a(4)?
3
Let m(d) = -d**2 - 19*d + 4. What is m(-19)?
4
Let b(g) = g - 14. Calculate b(13).
-1
Let v(i) = -i - 52. Calculate v(-28).
-24
Let j(k) = k**3 + 3*k**2 + 1. Calculate j(-4).
-15
Let r(o) = 26*o + 8. Determine r(-2).
-44
Let r(c) = -c**2 + 17*c + 29. Calculate r(19).
-9
Let n(t) = t**2 + 2*t - 15. Give n(-5).
0
Let g(c) = -c**3 - 14*c**2 + 32*c - 17. Determine g(-16).
-17
Let y(x) = x**2 + 8*x + 5. What is y(-9)?
14
Let o(y) = -4*y + 4. Calculate o(-6).
28
Let v(g) = -9*g - 22. What is v(-3)?
5
Let w(q) = q**3 + 3*q**2 - 13*q - 20. Calculate w(-5).
-5
Let b(u) = u**2 + 9*u + 7. Calculate b(-8).
-1
Let w(r) = -2*r**3 + 35*r**2 - 15*r - 41. Give w(17).
-7
Let p(q) = 3*q + 16. Give p(0).
16
Let s(g) = g**2 + 3*g - 8. What is s(-5)?
2
Let i(n) = -n**3 + 16*n**2 - 27*n - 32. Calculate i(14).
-18
Let c(u) = 28*u + 237. What is c(-7)?
41
Let b(i) = i**3 + 12*i**2 + 7*i + 73. Calculate b(-12).
-11
Let o(x) = -5*x**3 - x**2 - 7*x. What is o(-2)?
50
Let w(i) = -i**3 - 11*i**2 - 24*i + 8. Give w(-8).
8
Let a(k) = -5*k - 35. Give a(-10).
15
Let j(m) = -8*m + 5. Determine j(-5).
45
Let t(k) = k**2 + 4*k + 14. Calculate t(-6).
26
Let c(m) = m - 4. What is c(7)?
3
Let j(n) = -n**2 + 8*n - 11. What is j(8)?
-11
Let n(d) = 18*d**3 + d**2 + 5*d + 5. Determine n(-1).
-17
Let l(h) = -3*h**2 - 2*h - 2. Calculate l(-2).
-10
Let c(h) = -h + 50. Give c(0).
50
Let g(i) = i**2 + 13*i + 23. Calculate g(-7).
-19
Let i(h) = -h**2 + 2*h + 21. Calculate i(7).
-14
Let l(r) = 22*r**2 + 22*r + 23. Give l(-1).
23
Let u(s) = s**2 + 2*s - 10. What is u(-5)?
5
Let o(y) = 24*y + 12. Give o(-2).
-36
Let j(y) = y**3 - 6*y**2 + 14*y - 14. Calculate j(2).
-2
Let c(o) = o + 1. Calculate c(-10).
-9
Let c(r) = -r**3 - 12*r**2 + 20*r - 106. Give c(-14).
6
Let z(u) = -u**2 - 21*u - 34. Give z(-19).
4
Let g(i) = 2*i**2 - 24*i + 16. What is g(11)?
-6
Let z(k) = -k**3 + 25*k**2 + 5*k - 86. Give z(25).
39
Let g(t) = -3*t**2 - 6*t + 29. Give g(5).
-76
Let c(b) = -b**3 - 10*b**2 + 5*b + 13. Calculate c(-11).
79
Let s(n) = n**2 + 8*n - 5. Calculate s(-7).
-12
Let a(c) = -c**3 + 10*c**2 - 8*c - 10. Calculate a(6).
86
Let j(l) = -4*l**2 - l - 1. Determine j(-1).
-4
Let r(m) = m**2 - m - 8. What is r(-3)?
4
Let s(d) = -d**2 + 7*d + 13. Determine s(9).
-5
Let h(r) = -r**3 - 15*r**2 - 14*r + 8. Determine h(-14).
8
Let r(c) = c - 30. Calculate r(13).
-17
Let x(o) = o + 8. What is x(6)?
14
Let x(k) = -k**3 - 11*k**2 + 9*k - 40. Give x(-12).
-4
Let t(x) = -4*x**3 - 2*x - 2. Give t(-1).
4
Let n(t) = -2*t - 9. Determine n(-6).
3
Let u(d) = -d**3 - 5*d**2 + 4*d - 6. Calculate u(0).
-6
Let y(z) = -2*z - 4. Give y(2).
-8
Let h(r) = 7*r + 2. Determine h(6).
44
Let b(k) = 13*k - 54. Determine b(5).
11
Let l(b) = b**3 + b**2 - 10*b - 7. Calculate l(-4).
-15
Let d(z) = z**2 - 12*z - 97. Calculate d(-5).
-12
Let x(n) = -3*n + 4. Give x(7).
-17
Let s(c) = -c**2 + 13*c - 4. Give s(7).
38
Let f(t) = -t**3 + 10*t**2 + 13*t - 8. What is f(11)?
14
Let d(p) = -28*p + 3219. Give d(115).
-1
Let j(d) = -d**2 + 9*d - 7. Determine j(9).
-7
Let t(a) = 6*a**2 + 4*a + 1. What is t(-1)?
3
Let z(t) = -2*t**3 + 7*t**2 - 2*t + 6. Calculate z(4).
-18
Let l(i) = -i**3 - 10*i**2 + 10*i - 11. Calculate l(-11).
0
Let r(c) = -c**3 - 7*c**2 - 5*c + 19. Determine r(-6).
13
Let a(d) = -4*d**3 - d**2 - d - 1. What is a(-1)?
3
Let s(o) = -2*o + 57. Calculate s(23).
11
Let a(i) = i**3 - 4*i**2 + i. Determine a(2).
-6
Let u(w) = -20*w**2 + w. Determine u(-1).
-21
Let w(t) = 7*t + 2. Calculate w(1).
9
Let j(c) = c**3 - 6*c**2 - 16*c - 12. Determine j(8).
-12
Let c(z) = -z**3 - 6*z**2 - 5*z - 5. Give c(-5).
-5
Let n(h) = h**3 - 22*h**2 - 49*h + 10. Determine n(24).
-14
Let c(m) = -m**3 + 4*m**2 + 21*m - 21. Give c(7).
-21
Let w(v) = -2*v**3 + 18*v**2 + 16*v - 5. Give w(10).
-45
Let w(n) = 6*n - 65. What is w(10)?
-5
Let l(p) = p**2 + 2*p - 32. Determine l(-6).
-8
Let r(d) = d**3 - 11*d**2 + 2*d + 134. Determine r(9).
-10
Let u(b) = -2*b**3 - 12*b**2 - b - 4. Determine u(-6).
2
Let i(f) = -31*f**2 + 1. Give i(1).
-30
Let s(c) = 2*c**2 + 3*c - 6. Calculate s(0).
-6
Let o(g) = 2*g**2 + 14*g - 17. Determine o(-7).
-17
Let j(t) = 77*t**3 - 2*t**2 - 2*t. Determine j(-1).
-77
Let s(q) = 2*q - 6. Calculate s(5).
4
Let p(t) = -10*t + 4. Calculate p(4).
-36
Let q(g) = -2*g**2 - 7*g + 8. Give q(-6).
-22
Let w(d) = -d**3 + 7*d**2 - 9*d + 3. Calculate w(6).
-15
Let n(w) = -w**2 + 8*w - 6. Calculate n(7).
1
Let z(b) = 23*b - 200. What is z(9)?
7
Let d(o) = 2*o + 15. What is d(-11)?
-7
Let u(q) = -8*q - 2. Calculate u(2).
-18
Let g(h) = -h**2 + 14*h - 25. Give g(8).
23
Let d(v) = -v**3 - 5*v**2 + v + 3. Calculate d(-6).
33
Let q(s) = 8*s + 5. What is q(0)?
5
Let t(w) = w**3 - 2*w**2 - 2*w - 7. What is t(5)?
58
Let p(h) = -h + 14. What is p(18)?
-4
Let f(b) = 3*b**2 - 10*b + 2. What is f(4)?
10
Let m(s) = 2*s**2 + 24*s + 23. Determine m(-11).
1
Let p(h) = 3*h - 22. Determine p(9).
5
Let x(h) = h**3 + 8*h**2 - 24*h - 7. Determine x(-10).
33
Let l(b) = b - 46. What is l(37)?
-9
Let v(n) = -2*n - 23. Give v(-12).
1
Let f(z) = -z**3 - 7*z**2 - 8*z - 15. Determine f(-6).
-3
Let p(g) = 2*g**3 + 9*g**2 + 10*g - 11. What is p(-5)?
-86
Let g(z) = 2*z**2 - z - 3. Give g(3).
12
Let d(f) = -2*f**2 + f. Give d(-1).
-3
Let d(g) = g**3 - 8*g**2 - 3*g - 7. Determine d(9).
47
Let p(f) = -f - 22. Give p(0).
-22
Let q(c) = -c**2 - 25*c - 119. Calculate q(-6).
-5
Let j(m) = -m**2 + 14*m - 12. Give j(10).
28
Let c(d) = d**2 - 50*d + 302. What is c(43)?
1
Let c(i) = i**3 - 17*i**2 + 7*i + 30. Give c(16).
-114
Let v(n) = n**2 + 5*n - 3. What is v(-3)?
-9
Let g(b) = 35*b + 207. What is g(-6)?
-3
Let y(j) = -2*j**2 + 9*j. Calculate y(6).
-18
Let a(i) = i**2 - 7*i + 9. Determine a(6).
3
Let s(y) = 3*y**3 + 6*y**2 + 11*y - 4. What is s(-2)?
-26
Let s(f) = -f**3 + 5*f**2 - 4*f + 4. What is s(4)?
4
Let v(f) = -4*f + 8. Determine v(6).
-16
Let c(t) = -t**3 - 20*t**2 - 16*t + 54. Give c(-19).
-3
Let h(d) = 3*d + 29. Give h(-10).
-1
Let b(m) = -2*m + 23. Give b(13).
-3
Let c(r) = 3*r**2 + 20*r + 30. What is c(-6)?
18
Let a(z) = z**2 + z - 3. Give a(-2).
-1
Let s(q) = 11*q + 4. Calculate s(-3).
-29
Let w(x) = x**3 - 14*x**2 + 15*x - 75. Give w(13).
-49
Let c(i) = 18*i - 35. Give c(0).
-35
Let f(m) = 2*m - 23. Calculate f(9).
-5
Let c(h) = h**3 + 13*h**2 + 2*h + 8. Calculate c(-13).
-18
Let h(j) = -j**2 + 2*j + 2. Determine h(-1).
-1
Let c(g) = g**3 - 6*g**2 - 17*g + 5. Determine c(8).
-3
Let z(g) = 2*g**2 - 48*g - 24. Give z(25).
26
Let i(c) = c**3 + 15*c**2 + c + 16. Calculate i(-15).
1
Let f(m) = 18*m**3 + 2*m**2 + 4*m + 3. Calculate f(-1).
-17
Let j(o) = -o**2 + 2*o - 2. Determine j(1).
-1
Let p(o) = -20*o - 1. Determine p(1).
-21
Let s(n) = -n**3 + 10*n**2 - 5*n + 14. Give s(10).
-36
Let x(o) = o - 8. Determine x(0).
-8
Let i(k) = 2*k**2 - 31*k + 4. What is i(11)?
-95
Let n(u) = -2*u + 6. What is n(7)?
-8
Let n(k) = k**3 - 10*k**2 - 14*k - 16. Determine n(12).
104
Let u(t) = -2*t**2 + 2*t - 3. Calculate u(2).
-7
Let o(g) = g**3 + 18*g**2 - g + 14. What is o(-18)?
32
Let y(i) = 4*i**2 - 2. What is y(-3)?
34
Let g(m) = 3*m**3 - m**2 - 2*m - 2. Determine g(2).
14
Let u(h) = h**2 + 17*h - 11. Give u(-15).
-41
Let p(m) = -m**2 + 6*m - 22. Give p(10).
-62
Let m(i) = -3*i - 57. Determine m(-15).
-12
Let a(b) = 13*b - 42. Calculate a(4).
10
Let n(l) = -l**3 - 3*l**2 + 6*l + 7. Give n(-5).
27
Let q(p) = p